
Calculate the remainder when 81 is divided by 2.
1
Calculate the remainder when 1217 is divided by 122.
119
Calculate the remainder when 390 is divided by 35.
5
What is the remainder when 198 is divided by 56?
30
What is the remainder when 45 is divided by 4?
1
Calculate the remainder when 253 is divided by 8.
5
Calculate the remainder when 243 is divided by 60.
3
What is the remainder when 2653 is divided by 341?
266
What is the remainder when 1451 is divided by 472?
35
What is the remainder when 354 is divided by 115?
9
Calculate the remainder when 166 is divided by 4.
2
What is the remainder when 208 is divided by 101?
6
Calculate the remainder when 71 is divided by 63.
8
Calculate the remainder when 458 is divided by 458.
0
Calculate the remainder when 2266 is divided by 21.
19
What is the remainder when 7 is divided by 1?
0
What is the remainder when 310 is divided by 25?
10
What is the remainder when 830 is divided by 219?
173
Calculate the remainder when 142 is divided by 6.
4
What is the remainder when 76 is divided by 21?
13
What is the remainder when 477 is divided by 2?
1
What is the remainder when 185 is divided by 24?
17
What is the remainder when 22317 is divided by 40?
37
What is the remainder when 4284 is divided by 75?
9
Calculate the remainder when 434 is divided by 19.
16
What is the remainder when 1511 is divided by 18?
17
Calculate the remainder when 148 is divided by 99.
49
Calculate the remainder when 766 is divided by 96.
94
Calculate the remainder when 1648 is divided by 16.
0
What is the remainder when 69 is divided by 46?
23
Calculate the remainder when 35 is divided by 9.
8
What is the remainder when 285 is divided by 148?
137
What is the remainder when 977 is divided by 108?
5
What is the remainder when 4110 is divided by 343?
337
What is the remainder when 429 is divided by 49?
37
What is the remainder when 153 is divided by 60?
33
What is the remainder when 315 is divided by 64?
59
Calculate the remainder when 32 is divided by 15.
2
Calculate the remainder when 155 is divided by 97.
58
Calculate the remainder when 1369 is divided by 333.
37
Calculate the remainder when 1583 is divided by 159.
152
What is the remainder when 57 is divided by 3?
0
Calculate the remainder when 472 is divided by 134.
70
What is the remainder when 709 is divided by 13?
7
What is the remainder when 249 is divided by 63?
60
Calculate the remainder when 109 is divided by 36.
1
Calculate the remainder when 1636 is divided by 182.
180
What is the remainder when 175 is divided by 50?
25
Calculate the remainder when 234 is divided by 40.
34
What is the remainder when 23 is divided by 20?
3
Calculate the remainder when 299 is divided by 80.
59
What is the remainder when 163 is divided by 52?
7
Calculate the remainder when 119 is divided by 12.
11
Calculate the remainder when 347 is divided by 68.
7
Calculate the remainder when 184 is divided by 47.
43
What is the remainder when 163 is divided by 45?
28
What is the remainder when 267 is divided by 13?
7
Calculate the remainder when 577 is divided by 299.
278
Calculate the remainder when 137 is divided by 38.
23
What is the remainder when 162 is divided by 33?
30
What is the remainder when 342 is divided by 173?
169
What is the remainder when 813 is divided by 51?
48
What is the remainder when 100 is divided by 22?
12
What is the remainder when 659 is divided by 177?
128
Calculate the remainder when 113 is divided by 53.
7
Calculate the remainder when 113 is divided by 46.
21
Calculate the remainder when 618 is divided by 23.
20
What is the remainder when 235 is divided by 60?
55
Calculate the remainder when 182 is divided by 43.
10
Calculate the remainder when 419 is divided by 14.
13
What is the remainder when 235 is divided by 14?
11
Calculate the remainder when 776 is divided by 374.
28
What is the remainder when 550 is divided by 24?
22
What is the remainder when 597 is divided by 14?
9
What is the remainder when 143 is divided by 72?
71
What is the remainder when 539 is divided by 78?
71
What is the remainder when 755 is divided by 167?
87
Calculate the remainder when 218 is divided by 53.
6
Calculate the remainder when 1367 is divided by 98.
93
Calculate the remainder when 91 is divided by 23.
22
Calculate the remainder when 308 is divided by 11.
0
Calculate the remainder when 318 is divided by 7.
3
What is the remainder when 2142 is divided by 13?
10
Calculate the remainder when 40 is divided by 15.
10
Calculate the remainder when 323 is divided by 69.
47
What is the remainder when 5374 is divided by 28?
26
Calculate the remainder when 100 is divided by 100.
0
What is the remainder when 1769 is divided by 11?
9
What is the remainder when 727 is divided by 36?
7
Calculate the remainder when 592 is divided by 54.
52
What is the remainder when 756 is divided by 198?
162
Calculate the remainder when 1468 is divided by 29.
18
Calculate the remainder when 658 is divided by 61.
48
Calculate the remainder when 608 is divided by 13.
10
What is the remainder when 132 is divided by 29?
16
Calculate the remainder when 283 is divided by 24.
19
Calculate the remainder when 19 is divided by 19.
0
Calculate the remainder when 287 is divided by 32.
31
What is the remainder when 5421 is divided by 24?
21
Calculate the remainder when 198 is divided by 23.
14
What is the remainder when 57716 is divided by 65?
61
Calculate the remainder when 4772 is divided by 92.
80
Calculate the remainder when 610 is divided by 156.
142
What is the remainder when 1059 is divided by 59?
56
Calculate the remainder when 130 is divided by 22.
20
Calculate the remainder when 325 is divided by 10.
5
What is the remainder when 122 is divided by 105?
17
Calculate the remainder when 253 is divided by 127.
126
What is the remainder when 27 is divided by 5?
2
Calculate the remainder when 38181 is divided by 296.
293
What is the remainder when 95 is divided by 7?
4
What is the remainder when 265 is divided by 172?
93
What is the remainder when 5198 is divided by 17?
13
Calculate the remainder when 2343 is divided by 23.
20
What is the remainder when 11394 is divided by 87?
84
Calculate the remainder when 2024 is divided by 6.
2
What is the remainder when 173 is divided by 44?
41
Calculate the remainder when 139 is divided by 7.
6
What is the remainder when 103 is divided by 18?
13
What is the remainder when 222 is divided by 105?
12
Calculate the remainder when 473 is divided by 40.
33
Calculate the remainder when 4269 is divided by 15.
9
What is the remainder when 2181 is divided by 270?
21
What is the remainder when 417 is divided by 54?
39
What is the remainder when 234 is divided by 20?
14
Calculate the remainder when 226 is divided by 38.
36
Calculate the remainder when 1664 is divided by 7.
5
What is the remainder when 72 is divided by 44?
28
What is the remainder when 87 is divided by 4?
3
What is the remainder when 1136 is divided by 20?
16
What is the remainder when 468 is divided by 1?
0
What is the remainder when 143 is divided by 22?
11
What is the remainder when 1248 is divided by 311?
4
What is the remainder when 84 is divided by 19?
8
What is the remainder when 780 is divided by 16?
12
Calculate the remainder when 82 is divided by 7.
5
What is the remainder when 1446 is divided by 719?
8
What is the remainder when 612 is divided by 201?
9
What is the remainder when 4167 is divided by 30?
27
Calculate the remainder when 170 is divided by 88.
82
Calculate the remainder when 36 is divided by 5.
1
What is the remainder when 2677 is divided by 107?
2
What is the remainder when 719 is divided by 19?
16
What is the remainder when 699 is divided by 693?
6
What is the remainder when 205 is divided by 74?
57
What is the remainder when 495 is divided by 68?
19
What is the remainder when 304 is divided by 161?
143
Calculate the remainder when 2360 is divided by 148.
140
Calculate the remainder when 1374 is divided by 224.
30
What is the remainder when 260 is divided by 12?
8
Calculate the remainder when 2884 is divided by 161.
147
Calculate the remainder when 2656 is divided by 531.
1
Calculate the remainder when 881 is divided by 19.
7
What is the remainder when 5610 is divided by 20?
10
What is the remainder when 81 is divi